3?
7, 23370959
List the prime factors of 49604105.
5, 9920821
What are the prime factors of 44654819?
11, 37, 109717
What are the prime factors of 45664956?
2, 3, 37, 34283
List the prime factors of 56775956.
2, 14193989
What are the prime factors of 1030620064?
2, 23, 1400299
List the prime factors of 13870244.
2, 1709, 2029
List the prime factors of 632699446.
2, 359, 881197
List the prime factors of 206732977.
11, 19, 89923
What are the prime factors of 55414631?
55414631
List the prime factors of 467949949.
173, 479, 5647
List the prime factors of 1595191871.
7, 13, 587, 29863
List the prime factors of 608658137.
163, 1307, 2857
What are the prime factors of 522362799?
3, 7, 193, 42961
List the prime factors of 69053673.
3, 13, 827, 2141
List the prime factors of 193651219.
331, 585049
What are the prime factors of 125097273?
3, 7, 19, 41, 2549
What are the prime factors of 4104663706?
2, 11, 13, 14351971
What are the prime factors of 71804885?
5, 223, 64399
What are the prime factors of 301621348?
2, 7, 71, 173, 877
List the prime factors of 22704179.
839, 27061
What are the prime factors of 708035176?
2, 17, 73, 71317
What are the prime factors of 1214512803?
3, 7, 19277981
List the prime factors of 4052229624.
2, 3, 29, 811, 2393
What are the prime factors of 74868959?
11, 6806269
List the prime factors of 35872954.
2, 13, 211, 503
List the prime factors of 67511036.
2, 1303, 12953
What are the prime factors of 37459626?
2, 3, 787, 7933
List the prime factors of 1438735690.
2, 5, 7, 109, 188563
List the prime factors of 18079969.
18079969
What are the prime factors of 42120031?
211, 199621
List the prime factors of 4171206910.
2, 5, 13, 32086207
What are the prime factors of 53197288?
2, 6649661
List the prime factors of 46121711.
47, 20879
What are the prime factors of 70740890?
2, 5, 11, 643099
What are the prime factors of 5768711313?
3, 109, 17641319
What are the prime factors of 445094523?
3, 29, 353, 4831
List the prime factors of 755373442.
2, 377686721
What are the prime factors of 142485844?
2, 35621461
What are the prime factors of 34854648?
2, 3, 1452277
List the prime factors of 764701231.
7, 109243033
List the prime factors of 786872313.
3, 9714473
List the prime factors of 5333463175.
5, 257, 830111
What are the prime factors of 73233106?
2, 19, 1927187
List the prime factors of 774633422.
2, 23, 1789, 9413
List the prime factors of 67028210.
2, 5, 23, 113, 2579
What are the prime factors of 252860051?
727, 347813
What are the prime factors of 275217134?
2, 29, 4745123
List the prime factors of 446079628.
2, 131, 851297
List the prime factors of 146341233.
3, 1303, 12479
What are the prime factors of 355664371?
97, 1187, 3089
What are the prime factors of 12446058?
2, 3, 499, 4157
What are the prime factors of 987059796?
2, 3, 82254983
What are the prime factors of 467215272?
2, 3, 6489101
What are the prime factors of 3058875442?
2, 7, 1523, 143461
List the prime factors of 234016532.
2, 3739, 15647
What are the prime factors of 537657598?
2, 523, 514013
List the prime factors of 627073787.
627073787
List the prime factors of 1954088668.
2, 7, 19, 97, 1993
What are the prime factors of 68960722?
2, 34480361
List the prime factors of 45700552.
2, 79, 167, 433
List the prime factors of 20632791.
3, 37, 151, 1231
List the prime factors of 261725287.
261725287
What are the prime factors of 172731135?
3, 5, 17, 439, 1543
List the prime factors of 11443421.
11, 1040311
What are the prime factors of 404020624?
2, 7, 3607327
What are the prime factors of 1828834031?
2591, 705841
What are the prime factors of 3300670987?
3300670987
What are the prime factors of 11850289?
11, 1077299
What are the prime factors of 122120578?
2, 163, 374603
What are the prime factors of 199179528?
2, 3, 8299147
What are the prime factors of 393152339?
103, 349, 10937
List the prime factors of 1326647454.
2, 3, 11, 20100719
What are the prime factors of 82593206?
2, 281, 523
What are the prime factors of 36160607?
7, 5165801
What are the prime factors of 155619100?
2, 5, 7, 13, 349
List the prime factors of 1152184696.
2, 13, 47, 73, 3229
What are the prime factors of 517647839?
337, 1536047
List the prime factors of 15508198.
2, 683, 11353
List the prime factors of 4518645516.
2, 3, 7, 11, 61, 26723
List the prime factors of 39194457.
3, 29, 43, 10477
List the prime factors of 173541953.
13, 19, 702599
What are the prime factors of 391825139?
1187, 330097
What are the prime factors of 152742227?
11, 1723, 8059
What are the prime factors of 40891626?
2, 3, 757, 3001
What are the prime factors of 258091932?
2, 3, 7, 3072523
List the prime factors of 5819815.
5, 269, 4327
What are the prime factors of 1280683016?
2, 173, 925349
What are the prime factors of 6956146468?
2, 19, 61, 1500463
List the prime factors of 379940594.
2, 11, 17270027
List the prime factors of 1880544948.
2, 3, 156712079
List the prime factors of 68660200.
2, 5, 7, 49043
What are the prime factors of 11557625?
5, 92461
What are the prime factors of 29828030?
2, 5, 17, 79, 2221
List the prime factors of 174695918.
2, 19, 757, 6073
List the prime factors of 2038757949.
3, 277, 817793
List the prime factors of 1066183981.
9431, 113051
List the prime factors of 2301086534.
2, 9371, 122777
What are the prime factors of 10039886?
2, 5019943
List the prime factors of 6888651.
3, 7, 11, 2711
What are the prime factors of 143333229?
3, 13, 3675211
List the prime factors of 803619805.
5, 127, 761, 1663
List the prime factors of 33232778.
2, 89, 186701
What are the prime factors of 2328048365?
5, 18397, 25309
List the prime factors of 1245089893.
19, 131, 500237
What are the prime factors of 1587595907?
23, 69025909
What are the prime factors of 61980064?
2, 101, 127, 151
List the prime factors of 1419990195.
3, 5, 13, 17, 428353
What are the prime factors of 15078140?
2, 5, 7, 11, 9791
List the prime factors of 148276279.
37, 569, 7043
What are the prime factors of 2894908018?
2, 23, 53, 1187411
What are the prime factors of 6066205472?
2, 17, 23, 131, 3701
List the prime factors of 426526998.
2, 3, 71087833
List the prime factors of 111947052.
2, 3, 7, 37, 181, 199
What are the prime factors of 348176409?
3, 7, 229, 10343
What are the prime factors of 198318408?
2, 3, 31, 43, 6199
List the prime factors of 1616128112.
2, 197, 229, 2239
What are the prime factors of 4533282902?
2, 2266641451
What are the prime factors of 1685331497?
1685331497
List the prime factors of 326935232.
2, 13, 167, 181
List the prime factors of 69861979.
11, 6351089
What are the prime factors of 766072340?
2, 5, 11, 3482147
List the prime factors of 229018610.
2, 5, 22901861
What are the prime factors of 442601809?
13, 34046293
What are the prime factors of 19062553?
19062553
What are the prime factors of 100268407?
599, 167393
List the prime factors of 19924317.
3, 7, 316259
List the prime factors of 534734443.
283, 1889521
What are the prime factors of 62849743?
11, 5713613
What are the prime factors of 1452113883?
3, 11, 73, 200929
List the prime factors of 5748990752.
2, 179655961
List the prime factors of 9616676.
2, 2404169
What are the prime factors of 749858165?
5, 7, 127, 168697
What are the prime factors of 37709023?
11, 53, 71, 911
What are the prime factors of 52781022?
2, 3, 7, 17, 41, 601
List the prime factors of 151845343.
13, 17, 687083
What are the prime factors of 32310171?
3, 239, 1669
List the prime factors of 309207836.
2, 7, 1577591
List the prime factors of 86611931.
7, 37, 173, 1933
List the prime factors of 2757841601.
409, 6742889
What are the prime factors of 1006472522?
2, 11, 17, 19, 141637
List the prime factors of 1576402237.
251, 6280487
What are the prime factors of 364536056?
2, 45567007
What are the prime factors of 81686885?
5, 7, 43, 54277
What are the prime factors of 130679800?
2, 5, 29, 22531
List the prime factors of 47402444.
2, 11850611
What are the prime factors of 4496461947?
3, 131, 311, 12263
List the prime factors of 3415614865.
5, 13, 52547921
List the prime factors of 716981169.
3, 19, 79, 159223
List the prime factors of 133232325.
3, 5, 59, 30109
List the prime factors of 350699188.
2, 7, 17, 19, 2281
What are the prime factors of 38289389?
17, 19, 118543
Li